prime factors of 458619757?
67, 103, 66457
List the prime factors of 973805211.
3, 23, 4704373
What are the prime factors of 159599658?
2, 3, 19, 131, 10687
List the prime factors of 260507521.
260507521
List the prime factors of 7627868.
2, 131, 14557
What are the prime factors of 727645153?
937, 776569
What are the prime factors of 16135317?
3, 11, 349, 467
What are the prime factors of 361758589?
17, 773, 27529
List the prime factors of 4512414141.
3, 631, 794579
List the prime factors of 55251929.
3041, 18169
List the prime factors of 149415984.
2, 3, 1037611
List the prime factors of 3584251393.
7451, 481043
What are the prime factors of 52339894?
2, 139, 188273
List the prime factors of 564109698.
2, 3, 47, 2000389
What are the prime factors of 883375357?
883375357
What are the prime factors of 1585016334?
2, 3, 11, 8005133
List the prime factors of 6371492.
2, 31, 51383
What are the prime factors of 2103776494?
2, 47, 476183
List the prime factors of 114851908.
2, 28712977
What are the prime factors of 2427552514?
2, 229, 5300333
List the prime factors of 894160677.
3, 41, 379, 19181
What are the prime factors of 170139084?
2, 3, 14178257
List the prime factors of 244993928.
2, 197, 155453
List the prime factors of 334384251.
3, 111461417
What are the prime factors of 162097520?
2, 5, 13, 155863
List the prime factors of 29258902.
2, 383, 38197
List the prime factors of 2286697776.
2, 3, 11, 4330867
List the prime factors of 122274853.
83, 1473191
List the prime factors of 161404026.
2, 3, 7, 43, 89371
List the prime factors of 4740756.
2, 3, 17, 1367
What are the prime factors of 66436503?
3, 7, 31, 61, 239
List the prime factors of 256213569.
3, 97, 617, 1427
List the prime factors of 595131855.
3, 5, 67, 743, 797
What are the prime factors of 5676144738?
2, 3, 11, 43, 83, 24097
List the prime factors of 4574139624.
2, 3, 271, 359, 653
What are the prime factors of 993038780?
2, 5, 167, 297317
List the prime factors of 133309626.
2, 3, 22218271
What are the prime factors of 208456577?
7, 29779511
List the prime factors of 200284114.
2, 59, 73, 23251
What are the prime factors of 140760818?
2, 11, 461, 13879
What are the prime factors of 15321958?
2, 409, 18731
List the prime factors of 1019264249.
1019264249
List the prime factors of 280482649.
280482649
List the prime factors of 35040953.
35040953
What are the prime factors of 444772697?
307, 1448771
List the prime factors of 435206795.
5, 87041359
What are the prime factors of 1190903531?
29, 47, 73, 11969
What are the prime factors of 32754084?
2, 3, 11, 248137
What are the prime factors of 156620052?
2, 3, 4350557
List the prime factors of 15130466.
2, 13, 581941
What are the prime factors of 233174587?
29, 8040503
List the prime factors of 372605793.
3, 7, 43, 449, 919
What are the prime factors of 428937106?
2, 13, 107, 154183
List the prime factors of 66374583.
3, 11, 149, 13499
List the prime factors of 1090930428.
2, 3, 7, 4329089
What are the prime factors of 36067355?
5, 7213471
What are the prime factors of 281500898?
2, 7, 20107207
List the prime factors of 82511566.
2, 19, 53, 773
List the prime factors of 1171396994.
2, 585698497
List the prime factors of 1238812436.
2, 197, 1572097
What are the prime factors of 76045243?
76045243
List the prime factors of 251949391.
37, 184039
What are the prime factors of 3155314297?
3155314297
List the prime factors of 108167200.
2, 5, 135209
What are the prime factors of 1081224130?
2, 5, 7, 15446059
What are the prime factors of 647571462?
2, 3, 31, 3481567
What are the prime factors of 645347996?
2, 19, 193, 43997
What are the prime factors of 846876967?
16741, 50587
List the prime factors of 3861197046.
2, 3, 7, 17, 337, 1783
What are the prime factors of 523931706?
2, 3, 107, 90677
List the prime factors of 983751856.
2, 37, 83, 20021
What are the prime factors of 158606605?
5, 37, 857333
List the prime factors of 1339070325.
3, 5, 661, 27011
List the prime factors of 154738075.
5, 137, 45179
What are the prime factors of 55948306?
2, 4871, 5743
List the prime factors of 3451905575.
5, 1759, 78497
List the prime factors of 28536950.
2, 5, 13, 43, 1021
What are the prime factors of 48165566?
2, 24082783
What are the prime factors of 1724369?
29, 97, 613
List the prime factors of 152465949.
3, 5646887
List the prime factors of 2232415333.
17, 131318549
What are the prime factors of 264270077?
264270077
List the prime factors of 5937859738.
2, 911, 3258979
What are the prime factors of 2024405224?
2, 811, 312023
What are the prime factors of 72460837?
37, 397, 4933
List the prime factors of 1521893818.
2, 137, 5554357
List the prime factors of 808914054.
2, 3, 13, 37, 127, 2207
What are the prime factors of 1479643764?
2, 3, 31, 37, 193, 557
List the prime factors of 145088560.
2, 5, 19, 53, 1801
List the prime factors of 224111506.
2, 112055753
List the prime factors of 176873438.
2, 7, 89, 2897
List the prime factors of 53656404.
2, 3, 71, 887
What are the prime factors of 4970229091?
23, 216096917
List the prime factors of 127911370.
2, 5, 12791137
List the prime factors of 1232171896.
2, 1301, 118387
List the prime factors of 552374549.
11057, 49957
List the prime factors of 717873679.
163, 4404133
List the prime factors of 122684544.
2, 3, 11833
List the prime factors of 840665595.
3, 5, 7, 11, 31, 53, 443
List the prime factors of 976819601.
976819601
What are the prime factors of 96808065?
3, 5, 6453871
What are the prime factors of 79672676?
2, 17, 41
What are the prime factors of 5372049982?
2, 13, 733, 21683
List the prime factors of 871836884.
2, 217959221
List the prime factors of 4266927383.
29, 47, 3130541
What are the prime factors of 1608392128?
2, 7, 3590161
List the prime factors of 2947099194.
2, 3, 13, 643, 6529
What are the prime factors of 2822270316?
2, 3, 383, 614071
What are the prime factors of 95859319?
89, 103, 10457
List the prime factors of 430046027.
421, 1021487
What are the prime factors of 2128017085?
5, 283, 1503899
List the prime factors of 299400255.
3, 5, 7, 11, 71, 1217
What are the prime factors of 587369185?
5, 13, 157, 57557
List the prime factors of 85862274.
2, 3, 17, 37, 22751
List the prime factors of 390354923.
7, 1138061
List the prime factors of 536084940.
2, 3, 5, 349, 25601
List the prime factors of 977615764.
2, 101, 157, 15413
List the prime factors of 419774989.
419774989
What are the prime factors of 1611130897?
19, 569, 149027
What are the prime factors of 1612010083?
13499, 119417
What are the prime factors of 76115171?
11, 17, 37003
List the prime factors of 135039803.
227, 594889
What are the prime factors of 219387370?
2, 5, 59, 371843
List the prime factors of 578404147.
89, 6498923
List the prime factors of 68171247.
3, 2524861
List the prime factors of 1212922558.
2, 991, 611969
List the prime factors of 149345783.
8291, 18013
What are the prime factors of 88679672?
2, 167, 66377
List the prime factors of 2586640558.
2, 29, 31, 863, 1667
List the prime factors of 109992034.
2, 54996017
What are the prime factors of 523582056?
2, 3, 807997
List the prime factors of 279062624.
2, 8720707
List the prime factors of 264892134.
2, 3, 13, 61, 55673
List the prime factors of 1742341727.
7, 83, 2998867
List the prime factors of 470584464.
2, 3, 7, 31, 45179
List the prime factors of 697975071.
3, 103, 2258819
List the prime factors of 39550878.
2, 3, 383, 5737
What are the prime factors of 40069848?
2, 3, 7, 13, 2621
List the prime factors of 200666350.
2, 5, 127, 31601
What are the prime factors of 386496431?
6949, 55619
What are the prime factors of 53049935?
5, 10609987
What are the prime factors of 27217237?
37, 43, 17107
List the prime factors of 5258879.
757, 6947
What are the prime factors of 404199336?
2, 3, 16841639
List the prime factors of 390855388.
2, 7, 11, 29, 43759
List the prime factors of 2087047071.
3, 23, 2857, 3529
List the prime factors of 75260785.
5, 17, 885421
What are the prime factors of 28829642?
2, 41, 59, 101
List the prime factors of 3971816.
2, 496477
What are the prime factors of 81518162?
2, 11, 17, 211, 1033
What are the prime factors of 580826436?
2, 3, 149, 324847
What are the prime factors of 60424142?
2, 19, 59, 26951
List the prime fa